{"id":3,"date":"2022-04-13T10:41:08","date_gmt":"2022-04-13T08:41:08","guid":{"rendered":"http:\/\/test.sqlcompetence.de\/newwebsite\/?page_id=3"},"modified":"2022-11-24T11:02:17","modified_gmt":"2022-11-24T10:02:17","slug":"datenschutzerklaerung","status":"publish","type":"page","link":"https:\/\/sqlcompetence.de\/?page_id=3","title":{"rendered":"Datenschutzerkl\u00e4rung"},"content":{"rendered":"\n<style type=\"text\/css\" data-created_by=\"avia_inline_auto\" id=\"style-css-av-l45bvf0i-6a87810ebb2e307f9f94f01a5e4abbb0\">\n#top .av-special-heading.av-l45bvf0i-6a87810ebb2e307f9f94f01a5e4abbb0{\npadding-bottom:10px;\n}\nbody .av-special-heading.av-l45bvf0i-6a87810ebb2e307f9f94f01a5e4abbb0 .av-special-heading-tag .heading-char{\nfont-size:25px;\n}\n.av-special-heading.av-l45bvf0i-6a87810ebb2e307f9f94f01a5e4abbb0 .av-subheading{\nfont-size:15px;\n}\n<\/style>\n<div  class='av-special-heading av-l45bvf0i-6a87810ebb2e307f9f94f01a5e4abbb0 av-special-heading-h1 blockquote modern-quote modern-centered  avia-builder-el-0  el_before_av_hr  avia-builder-el-first '><h1 class='av-special-heading-tag '  itemprop=\"headline\"  >Datenschutzerkl\u00e4rung<\/h1><div class=\"special-heading-border\"><div class=\"special-heading-inner-border\"><\/div><\/div><\/div>\n<div  class='hr av-av_hr-91d7ccd583a503147498e120fee2ff9b hr-default  avia-builder-el-1  el_after_av_heading  el_before_av_textblock '><span class='hr-inner '><span class=\"hr-inner-style\"><\/span><\/span><\/div>\n<section  class='av_textblock_section av-l45ai02p-4a659c1adcb725123618130696480315 '   itemscope=\"itemscope\" itemtype=\"https:\/\/schema.org\/CreativeWork\" ><div class='avia_textblock'  itemprop=\"text\" ><h2>Datenschutz<\/h2>\n<p>Die Betreiber dieser Seiten nehmen den Schutz Ihrer pers\u00f6nlichen Daten sehr ernst. Wir behandeln Ihre personenbezogenen Daten vertraulich und entsprechend der gesetzlichen Datenschutzvorschriften sowie dieser Datenschutzerkl\u00e4rung.<\/p>\n<p>Die Nutzung unserer Webseite ist in der Regel ohne Angabe personenbezogener Daten m\u00f6glich. Soweit auf unseren Seiten personenbezogene Daten (beispielsweise Name, Anschrift oder E-Mail-Adressen) erhoben werden, erfolgt dies, soweit m\u00f6glich, stets auf freiwilliger Basis. Diese Daten werden ohne Ihre ausdr\u00fcckliche Zustimmung nicht an Dritte weitergegeben.<\/p>\n<p>Wir weisen darauf hin, dass die Daten\u00fcbertragung im Internet (z.B. bei der Kommunikation per E-Mail) Sicherheitsl\u00fccken aufweisen kann. Ein l\u00fcckenloser Schutz der Daten vor dem Zugriff durch Dritte ist nicht m\u00f6glich.<\/p>\n<h3>Datenschutzerkl\u00e4rung f\u00fcr die Nutzung von Google Analytics<\/h3>\n<p>Diese Website nutzt Funktionen des Webanalysedienstes Google Analytics. Anbieter ist die Google Inc. 1600 Amphitheatre Parkway Mountain View, CA 94043, USA. Google Analytics verwendet sog. &#8222;Cookies&#8220;. Das sind Textdateien, die auf Ihrem Computer gespeichert werden und die eine Analyse der Benutzung der Website durch Sie erm\u00f6glichen. Die durch den Cookie erzeugten Informationen \u00fcber Ihre Benutzung dieser Website werden in der Regel an einen Server von Google in den USA \u00fcbertragen und dort gespeichert.<\/p>\n<p>Im Falle der Aktivierung der IP-Anonymisierung auf dieser Webseite wird Ihre IP-Adresse von Google jedoch innerhalb von Mitgliedstaaten der Europ\u00e4ischen Union oder in anderen Vertragsstaaten des Abkommens \u00fcber den Europ\u00e4ischen Wirtschaftsraum zuvor gek\u00fcrzt. Nur in Ausnahmef\u00e4llen wird die volle IP-Adresse an einen Server von Google in den USA \u00fcbertragen und dort gek\u00fcrzt. Im Auftrag des Betreibers dieser Website wird Google diese Informationen benutzen, um Ihre Nutzung der Website auszuwerten, um Reports \u00fcber die Websiteaktivit\u00e4ten zusammenzustellen und um weitere mit der Websitenutzung und der Internetnutzung verbundene Dienstleistungen gegen\u00fcber dem Websitebetreiber zu erbringen. Die im Rahmen von Google Analytics von Ihrem Browser \u00fcbermittelte IP-Adresse wird nicht mit anderen Daten von Google zusammengef\u00fchrt.<\/p>\n<p>Sie k\u00f6nnen die Speicherung der Cookies durch eine entsprechende Einstellung Ihrer Browser-Software verhindern; wir weisen Sie jedoch darauf hin, dass Sie in diesem Fall gegebenenfalls nicht s\u00e4mtliche Funktionen dieser Website vollumf\u00e4nglich werden nutzen k\u00f6nnen. Sie k\u00f6nnen dar\u00fcber hinaus die Erfassung der durch das Cookie erzeugten und auf Ihre Nutzung der Website bezogenen Daten (inkl. Ihrer IP-Adresse) an Google sowie die Verarbeitung dieser Daten durch Google verhindern, indem sie das unter dem folgenden Link verf\u00fcgbare Browser-Plugin herunterladen und installieren:\u00a0<a href=\"http:\/\/tools.google.com\/dlpage\/gaoptout?hl=de\" target=\"_blank\" rel=\"noopener\">http:\/\/tools.google.com\/dlpage\/gaoptout?hl=de<\/a><\/p>\n<\/div><\/section>\n<div  class='hr av-av_hr-91d7ccd583a503147498e120fee2ff9b hr-default  avia-builder-el-3  el_after_av_textblock  el_before_av_textblock '><span class='hr-inner '><span class=\"hr-inner-style\"><\/span><\/span><\/div>\n<section  class='av_textblock_section av-l45al6fs-1913e047c207c88b5aae03e5c54d94bc '   itemscope=\"itemscope\" itemtype=\"https:\/\/schema.org\/CreativeWork\" ><div class='avia_textblock'  itemprop=\"text\" ><h2>Protokollierung<\/h2>\n<p>Bei jeder Anforderung einer Webseite oder eines damit verkn\u00fcpften Objektes werden folgende Zugriffsdaten gespeichert:<\/p>\n<ul>\n<li>die Adresse (URL) der Webseite, von der aus die Datei angefordert wurde<\/li>\n<li>der Name der aufgerufenen Datei<\/li>\n<li>das Datum und die Uhrzeit der Anforderung<\/li>\n<li>die \u00fcbertragene Datenmenge<\/li>\n<li>der Zugriffsstatus (Datei \u00fcbertragen, Datei nicht gefunden, etc.)<\/li>\n<li>die Beschreibung des verwendeten Webbrowsertyps bzw. des verwendeten Betriebssystems<\/li>\n<li>die IP-Adresse des anfordernden Rechners.<\/li>\n<\/ul>\n<p>Die gespeicherten Daten werden ausschlie\u00dflich zu technischen oder statistischen Zwecken ben\u00f6tigt; ein Abgleich mit anderen Datenbest\u00e4nden oder gar eine Weitergabe an Dritte, auch in Ausz\u00fcgen, findet nicht statt.<\/p>\n<\/div><\/section>\n","protected":false},"excerpt":{"rendered":"","protected":false},"author":2,"featured_media":0,"parent":0,"menu_order":3,"comment_status":"closed","ping_status":"closed","template":"","meta":{"footnotes":""},"class_list":["post-3","page","type-page","status-publish","hentry"],"yoast_head":"<!-- This site is optimized with the Yoast SEO plugin v26.1.1 - https:\/\/yoast.com\/wordpress\/plugins\/seo\/ -->\r\n<title>SQL Competence GmbH &#8226; Datenschutzerkl\u00e4rung<\/title>\r\n<meta name=\"description\" content=\"Wir sind die Experten f\u00fcr Microsoft\u00ae SQL-Server Infrastrukturen und bieten zertifizierte Dienstleistungen von der Analyse \u00fcber die Konzeption oder Performance-Tuning bis zum professionellen Betrieb in unseren Rechenzentren in Deutschland, Europa, Asien und den USA.\" \/>\r\n<meta name=\"robots\" content=\"index, follow, max-snippet:-1, max-image-preview:large, max-video-preview:-1\" \/>\r\n<link rel=\"canonical\" href=\"https:\/\/sqlcompetence.de\/?page_id=3\" \/>\r\n<meta property=\"og:locale\" content=\"de_DE\" \/>\r\n<meta property=\"og:type\" content=\"article\" \/>\r\n<meta property=\"og:title\" content=\"SQL Competence GmbH &#8226; Datenschutzerkl\u00e4rung\" \/>\r\n<meta property=\"og:description\" content=\"Wir sind die Experten f\u00fcr Microsoft\u00ae SQL-Server Infrastrukturen und bieten zertifizierte Dienstleistungen von der Analyse \u00fcber die Konzeption oder Performance-Tuning bis zum professionellen Betrieb in unseren Rechenzentren in Deutschland, Europa, Asien und den USA.\" \/>\r\n<meta property=\"og:url\" content=\"https:\/\/sqlcompetence.de\/?page_id=3\" \/>\r\n<meta property=\"og:site_name\" content=\"SQL Competence GmbH\" \/>\r\n<meta property=\"article:modified_time\" content=\"2022-11-24T10:02:17+00:00\" \/>\r\n<meta name=\"twitter:card\" content=\"summary_large_image\" \/>\r\n<meta name=\"twitter:label1\" content=\"Gesch\u00e4tzte Lesezeit\" \/>\n\t<meta name=\"twitter:data1\" content=\"4\u00a0Minuten\" \/>\r\n<script type=\"application\/ld+json\" class=\"yoast-schema-graph\">{\"@context\":\"https:\/\/schema.org\",\"@graph\":[{\"@type\":\"WebPage\",\"@id\":\"https:\/\/sqlcompetence.de\/?page_id=3\",\"url\":\"https:\/\/sqlcompetence.de\/?page_id=3\",\"name\":\"SQL Competence GmbH &#8226; Datenschutzerkl\u00e4rung\",\"isPartOf\":{\"@id\":\"https:\/\/sqlcompetence.de\/#website\"},\"datePublished\":\"2022-04-13T08:41:08+00:00\",\"dateModified\":\"2022-11-24T10:02:17+00:00\",\"description\":\"Wir sind die Experten f\u00fcr Microsoft\u00ae SQL-Server Infrastrukturen und bieten zertifizierte Dienstleistungen von der Analyse \u00fcber die Konzeption oder Performance-Tuning bis zum professionellen Betrieb in unseren Rechenzentren in Deutschland, Europa, Asien und den USA.\",\"breadcrumb\":{\"@id\":\"https:\/\/sqlcompetence.de\/?page_id=3#breadcrumb\"},\"inLanguage\":\"de\",\"potentialAction\":[{\"@type\":\"ReadAction\",\"target\":[\"https:\/\/sqlcompetence.de\/?page_id=3\"]}]},{\"@type\":\"BreadcrumbList\",\"@id\":\"https:\/\/sqlcompetence.de\/?page_id=3#breadcrumb\",\"itemListElement\":[{\"@type\":\"ListItem\",\"position\":1,\"name\":\"Startseite\",\"item\":\"https:\/\/sqlcompetence.de\/\"},{\"@type\":\"ListItem\",\"position\":2,\"name\":\"Datenschutzerkl\u00e4rung\"}]},{\"@type\":\"WebSite\",\"@id\":\"https:\/\/sqlcompetence.de\/#website\",\"url\":\"https:\/\/sqlcompetence.de\/\",\"name\":\"SQL Competence GmbH\",\"description\":\"Experten f\u00fcr Microsoft\u00ae SQL-Server Infrastrukturen\",\"publisher\":{\"@id\":\"https:\/\/sqlcompetence.de\/#organization\"},\"potentialAction\":[{\"@type\":\"SearchAction\",\"target\":{\"@type\":\"EntryPoint\",\"urlTemplate\":\"https:\/\/sqlcompetence.de\/?s={search_term_string}\"},\"query-input\":{\"@type\":\"PropertyValueSpecification\",\"valueRequired\":true,\"valueName\":\"search_term_string\"}}],\"inLanguage\":\"de\"},{\"@type\":\"Organization\",\"@id\":\"https:\/\/sqlcompetence.de\/#organization\",\"name\":\"SQLCompetence GmbH Stuttgart\",\"url\":\"https:\/\/sqlcompetence.de\/\",\"logo\":{\"@type\":\"ImageObject\",\"inLanguage\":\"de\",\"@id\":\"https:\/\/sqlcompetence.de\/#\/schema\/logo\/image\/\",\"url\":\"http:\/\/test.sqlcompetence.de\/newwebsite\/wp-content\/uploads\/2022\/06\/logo.png\",\"contentUrl\":\"http:\/\/test.sqlcompetence.de\/newwebsite\/wp-content\/uploads\/2022\/06\/logo.png\",\"width\":150,\"height\":90,\"caption\":\"SQLCompetence GmbH Stuttgart\"},\"image\":{\"@id\":\"https:\/\/sqlcompetence.de\/#\/schema\/logo\/image\/\"}}]}<\/script>\r\n<!-- \/ Yoast SEO plugin. -->","yoast_head_json":{"title":"SQL Competence GmbH &#8226; Datenschutzerkl\u00e4rung","description":"Wir sind die Experten f\u00fcr Microsoft\u00ae SQL-Server Infrastrukturen und bieten zertifizierte Dienstleistungen von der Analyse \u00fcber die Konzeption oder Performance-Tuning bis zum professionellen Betrieb in unseren Rechenzentren in Deutschland, Europa, Asien und den USA.","robots":{"index":"index","follow":"follow","max-snippet":"max-snippet:-1","max-image-preview":"max-image-preview:large","max-video-preview":"max-video-preview:-1"},"canonical":"https:\/\/sqlcompetence.de\/?page_id=3","og_locale":"de_DE","og_type":"article","og_title":"SQL Competence GmbH &#8226; Datenschutzerkl\u00e4rung","og_description":"Wir sind die Experten f\u00fcr Microsoft\u00ae SQL-Server Infrastrukturen und bieten zertifizierte Dienstleistungen von der Analyse \u00fcber die Konzeption oder Performance-Tuning bis zum professionellen Betrieb in unseren Rechenzentren in Deutschland, Europa, Asien und den USA.","og_url":"https:\/\/sqlcompetence.de\/?page_id=3","og_site_name":"SQL Competence GmbH","article_modified_time":"2022-11-24T10:02:17+00:00","twitter_card":"summary_large_image","twitter_misc":{"Gesch\u00e4tzte Lesezeit":"4\u00a0Minuten"},"schema":{"@context":"https:\/\/schema.org","@graph":[{"@type":"WebPage","@id":"https:\/\/sqlcompetence.de\/?page_id=3","url":"https:\/\/sqlcompetence.de\/?page_id=3","name":"SQL Competence GmbH &#8226; Datenschutzerkl\u00e4rung","isPartOf":{"@id":"https:\/\/sqlcompetence.de\/#website"},"datePublished":"2022-04-13T08:41:08+00:00","dateModified":"2022-11-24T10:02:17+00:00","description":"Wir sind die Experten f\u00fcr Microsoft\u00ae SQL-Server Infrastrukturen und bieten zertifizierte Dienstleistungen von der Analyse \u00fcber die Konzeption oder Performance-Tuning bis zum professionellen Betrieb in unseren Rechenzentren in Deutschland, Europa, Asien und den USA.","breadcrumb":{"@id":"https:\/\/sqlcompetence.de\/?page_id=3#breadcrumb"},"inLanguage":"de","potentialAction":[{"@type":"ReadAction","target":["https:\/\/sqlcompetence.de\/?page_id=3"]}]},{"@type":"BreadcrumbList","@id":"https:\/\/sqlcompetence.de\/?page_id=3#breadcrumb","itemListElement":[{"@type":"ListItem","position":1,"name":"Startseite","item":"https:\/\/sqlcompetence.de\/"},{"@type":"ListItem","position":2,"name":"Datenschutzerkl\u00e4rung"}]},{"@type":"WebSite","@id":"https:\/\/sqlcompetence.de\/#website","url":"https:\/\/sqlcompetence.de\/","name":"SQL Competence GmbH","description":"Experten f\u00fcr Microsoft\u00ae SQL-Server Infrastrukturen","publisher":{"@id":"https:\/\/sqlcompetence.de\/#organization"},"potentialAction":[{"@type":"SearchAction","target":{"@type":"EntryPoint","urlTemplate":"https:\/\/sqlcompetence.de\/?s={search_term_string}"},"query-input":{"@type":"PropertyValueSpecification","valueRequired":true,"valueName":"search_term_string"}}],"inLanguage":"de"},{"@type":"Organization","@id":"https:\/\/sqlcompetence.de\/#organization","name":"SQLCompetence GmbH Stuttgart","url":"https:\/\/sqlcompetence.de\/","logo":{"@type":"ImageObject","inLanguage":"de","@id":"https:\/\/sqlcompetence.de\/#\/schema\/logo\/image\/","url":"http:\/\/test.sqlcompetence.de\/newwebsite\/wp-content\/uploads\/2022\/06\/logo.png","contentUrl":"http:\/\/test.sqlcompetence.de\/newwebsite\/wp-content\/uploads\/2022\/06\/logo.png","width":150,"height":90,"caption":"SQLCompetence GmbH Stuttgart"},"image":{"@id":"https:\/\/sqlcompetence.de\/#\/schema\/logo\/image\/"}}]}},"_links":{"self":[{"href":"https:\/\/sqlcompetence.de\/index.php?rest_route=\/wp\/v2\/pages\/3","targetHints":{"allow":["GET"]}}],"collection":[{"href":"https:\/\/sqlcompetence.de\/index.php?rest_route=\/wp\/v2\/pages"}],"about":[{"href":"https:\/\/sqlcompetence.de\/index.php?rest_route=\/wp\/v2\/types\/page"}],"author":[{"embeddable":true,"href":"https:\/\/sqlcompetence.de\/index.php?rest_route=\/wp\/v2\/users\/2"}],"replies":[{"embeddable":true,"href":"https:\/\/sqlcompetence.de\/index.php?rest_route=%2Fwp%2Fv2%2Fcomments&post=3"}],"version-history":[{"count":7,"href":"https:\/\/sqlcompetence.de\/index.php?rest_route=\/wp\/v2\/pages\/3\/revisions"}],"predecessor-version":[{"id":558,"href":"https:\/\/sqlcompetence.de\/index.php?rest_route=\/wp\/v2\/pages\/3\/revisions\/558"}],"wp:attachment":[{"href":"https:\/\/sqlcompetence.de\/index.php?rest_route=%2Fwp%2Fv2%2Fmedia&parent=3"}],"curies":[{"name":"wp","href":"https:\/\/api.w.org\/{rel}","templated":true}]}}